 130 = -2*t + 152. Let i(m) = -m**2 - 17*m - 10. Give i(r).
56
Suppose 22 = -14*h + 148. Let d(g) = 19*g**2 + 18*g + 12. Let s(l) = -23*l**2 - 20*l - 11. Let p(z) = -6*d(z) - 5*s(z). What is p(h)?
-8
Suppose 45*r - 44*r + 5 = -c, 2*c = 4*r - 28. Let o(h) = -2*h**2 - 20*h - 15. Determine o(c).
17
Let k(o) = 0*o - 6*o + 11*o + 2 + o**2. Let b = -10 + 6. Let y be k(b). Let a(p) = p**3 + 5*p**2 + 4*p + 2. Calculate a(y).
6
Let t(g) = -2*g**2 + 5*g - 4. Let p(b) = 5*b - 12. Let l be p(4). Suppose -y - l = 2*m, 0*y - 2*y + m + 9 = 0. Let f be 4/y + (4 - 3). What is t(f)?
-7
Suppose 0 = -72*y + 70*y - 12. Let w(h) be the second derivative of h**5/20 + h**4/2 - h**3/6 - h**2/2 + 86*h. What is w(y)?
5
Let x = 499 - 497. Let z(h) = 2*h + 2*h - 5*h - h**x + 2*h. What is z(0)?
0
Let g(n) = -13*n - 8. Let v = 101 - 90. Let a(w) = 7*w - 4 - 8*w - 6*w. Let b(s) = v*a(s) - 6*g(s). What is b(-7)?
-3
Let g be (-42)/(-10) - 5/25. Let m(t) be the first derivative of -t**4/4 + t**3 + 2*t**2 - 2*t - 3509. Give m(g).
-2
Let q(l) = l**2 - 2*l + 5. Suppose 4*u = 965*p - 963*p + 38, 4*u - 3 = -5*p. Calculate q(p).
40
Let j(x) = x**3 - 8*x**2 - 21*x + 25. Let t be (132848/342)/38 + (2/(-9))/1. What is j(t)?
15
Let u(q) = q - 2. Let t(r) = r**3 + 5*r**2 - 3*r + 20. Let k be t(-6). Suppose x + 6*d - 22 = k*d, 3*x + 14 = 4*d. Give u(x).
0
Suppose 2*g = 9*g - 119. Let c(l) = -l + 44. Calculate c(g).
27
Suppose -563*c + 33 = -552*c. Let u(q) = 4*q**2 - 4. What is u(c)?
32
Let b(f) be the second derivative of -2*f**3/3 + 5*f**2 - 3543*f. What is b(4)?
-6
Suppose -5733 + 5741 = -4*a. Let c(l) = 111*l + 218. Determine c(a).
-4
Let v = 29 + -10. Let a(n) = -v*n + 7*n**2 - 3 + 10*n + 8*n + 1. Determine a(2).
24
Let k(g) = -9*g**2 - 3*g - 4. Suppose 10*a + 2 + 8 = 0. Let x be k(a). Let s(h) = -h**3 - 11*h**2 - 10*h - 2. Give s(x).
-2
Let k be (2/4)/((-1)/78). Let u = -969 + 1012. Let j = u + k. Let f(m) = -m**2 + 4*m + 3. Determine f(j).
3
Let q(g) = 14 - 37*g - 50 - 81 - 106 + 46. Let b be q(-5). Let m(x) = -x**2 + 10*x - 12. Calculate m(b).
4
Let n(f) = -11*f + 7*f + 7 + 5 - 2 - 5*f. What is n(7)?
-53
Let b(y) be the second derivative of y**4/6 - 7*y**3/3 + 21*y**2/2 + 1410*y. Determine b(6).
9
Let z(x) be the first derivative of x**3/3 - 13*x**2/2 + 50*x + 4365. Give z(5).
10
Let l be 1*(-9)/(18/(-4)). Let w(z) = 8 - z**l - 20 + 3*z - 11*z. Determine w(-8).
-12
Let l be (-1)/(((-14)/(-14))/3). Let j(y) = -y**2 - 8*y - 10. Determine j(l).
5
Suppose -5*s + 8 = 3. Let k(t) = 87*t**3 - t + 82*t**3 - 170*t**3 + 4*t**2 - 4*t**2. What is k(s)?
-2
Let z = -5 + 12. Let j(n) = n**3 - 8*n**2 + 15*n + 14. Let b(s) = s - 2. Let f be b(3). Let c(v) = -v - 1. Let r(d) = f*j(d) + 6*c(d). Determine r(z).
22
Let s(l) be the third derivative of l**4/12 + 31*l**3/3 - 2*l**2 - 20*l - 4. Give s(-36).
-10
Let g(i) be the first derivative of -i**4/4 + 3*i**3 - 4*i**2 + 6*i + 3235. Determine g(8).
6
Let b(h) = 2*h**2 - 3*h + 3 - h**2 - 5 + 0*h**2. Let i = -77 - -73. Let w be (20/(-15))/(i/15). Calculate b(w).
8
Let l(v) = -v - 1. Suppose 0 = 4*k + 2*r + 5 + 1, 3*r - 21 = 4*k. Let s be (-4)/(-12)*(-2 + 2)/k. Determine l(s).
-1
Let r(s) = 3*s - 19. Let t(x) = x - 4. Let y(b) = r(b) - t(b). Let q(k) = k - 6. Let g(h) = 5*q(h) - 2*y(h). Calculate g(6).
6
Let q(o) be the third derivative of -o**5/60 - o**4/24 - o**3/6 + 76*o**2 - o. Let a = -29 - -36. Suppose 0 = -3*u + a*u. What is q(u)?
-1
Suppose -9*t + 114 = -1038. Let m = -127 + t. Let q(x) = 2*x + 3. Calculate q(m).
5
Let d(o) = o + 28. Suppose -38*t - 901 = -453 + 578. Calculate d(t).
1
Let j(u) be the first derivative of -u**4/12 - 4*u**3/3 + 15*u**2/2 + 105*u + 256. Let d(b) be the first derivative of j(b). What is d(-11)?
-18
Let m(q) = 2 + 340*q + 333*q + 331*q - 2 + 2*q**2 + 3 - 1012*q. Let w = 8 - 5. Calculate m(w).
-3
Suppose x - 11 = -36*m + 40*m, -2*m = -x + 7. Let u(s) = -2*s**2 - 4*s + 13. Give u(x).
-17
Let a(o) = -42*o - 185. Let h(m) = -36*m - 3713. Let c be h(-103). Give a(c).
25
Let o be (-645)/45 + 2/(-3). Let s = o - -14. Let c(i) be the first derivative of 23*i**2/2 - 180. Determine c(s).
-23
Let x = 6 - 3. Let k(c) = 4*c - 8*c + 6*c. Give k(x).
6
Let p = 993 + -985. Suppose 3*g + q + 4 = 0, -2*g - 18 = 5*q + 2. Suppose g = -8*x + 6*x - p. Let a(t) = t**3 + 3*t**2 - 5*t - 4. Determine a(x).
0
Suppose -491*t = -230*t - 228*t - 231. Let a(h) = 3*h**3 - 22*h**2 + 10*h - 24. Give a(t).
-3
Let k(z) be the first derivative of z**3/3 - 4*z**2 + 3*z - 6. Let s(m) = -6*m**3 + m**2 - 2*m + 2. Let y be s(1). Let v be 0 + -1 - -6 - (y + 4). Give k(v).
-9
Let z(p) = 110*p - 102. Let m(k) = 90*k - 99. Let q(x) = 6*m(x) - 5*z(x). Determine q(-9).
6
Let i(s) = s**3 - 3*s**2 + s + 1. Let a(g) = -3*g**3 + 3*g**2 + 3*g + 6. Let h(p) = -a(p) - 2*i(p). Calculate h(-6).
-86
Let h(x) be the first derivative of -8 + 1/4*x**4 - 4*x - 5*x**2 + 2*x**3. Calculate h(-7).
17
Let s(l) = -8*l**2 + 6*l - 4. Suppose 0 = -54*z + 60*z + 30. Let j(c) = 7*c**2 - 5*c + 3. Let x(f) = z*s(f) - 6*j(f). Give x(2).
-6
Let k(p) be the first derivative of -p**4/4 + 12*p**3 + 19*p**2 - 15*p + 1693. Give k(37).
22
Let y(k) = k + 22. Let x = -21 + 23. Suppose -3*g = x*q - 141, 2*g + 5*q = -g + 141. Let v = 47 - g. Determine y(v).
22
Let p(n) = -6 + 7 + 4 + 29*n - 27*n. Suppose 4*l - 66 = 2*i, 0 = -3*l + 3*i + 5 + 37. Suppose -5*o - l - 11 = 0. Determine p(o).
-7
Let s(t) = t**3 + 13*t**2 - 30*t + 11. Suppose 185*v + 840 = 129*v. Determine s(v).
11
Let i(g) = 84 - 75 + 10*g**2 + 12 - g**3 - 26*g. Determine i(7).
-14
Let d(p) = -p**2 + p + 2. Let y be d(2). Let b(w) be the second derivative of 0*w**2 + 1/6*w**3 + 7*w + 2. Calculate b(y).
0
Suppose -t = u - 11, 5*t - 68*u = -63*u - 25. Let v(i) be the second derivative of -i**5/20 + i**4/4 + i**3/2 - i**2 - i. What is v(t)?
7
Let u(h) = h**2 - h - 3. Suppose 4*j = -j - 2*f + 1215, 0 = -2*j + 2*f + 472. Let d = j - 245. Give u(d).
17
Suppose -2*o - 27 = 4*c - 9*c, -19 = -5*c + 4*o. Suppose 0 = -3*v + 2*v + c. Let k(r) = -v*r + 5*r + r**2 + 6 - 4. Give k(4).
10
Let g(i) be the first derivative of 8*i**3/3 + 9*i**2/2 + 12*i - 3576. Give g(-2).
26
Let n(w) = -w. Suppose -5*i + 17 = -2*b - 17, 5*i = b + 32. Let d(l) be the first derivative of -2*l**2 + 26*l + 15. Let z be d(i). Give n(z).
-2
Let j(a) = 11*a + 13. Let m be j(-1). Let t(y) = -73*y**3 + 72*y**3 + 10 + 4*y**2 - y - 1 - m. What is t(5)?
-23
Let f(i) = 5*i**2 + 3*i + 26. Let s(g) = 2*g**2 + 2*g + 12. Let z(t) = 4*f(t) - 9*s(t). Suppose 2*c - 16 + 20 = -3*j, 3*c + 4 = -4*j. Calculate z(c).
4
Let s(l) be the first derivative of l**2/2 + 24*l + 9. Suppose 2*g + 5*h = -26, -11*g + 15*g = 4*h - 80. What is s(g)?
6
Let f(x) = 3 - 1 + x + 0*x - 3*x**2. Let w = -1382 - -1386. Let k be (w + 3)*2/7. Calculate f(k).
-8
Let i(o) = o**3 - 10*o**2 + 6*o + 13. Suppose 57*s - 248 - 265 = 0. Give i(s).
-14
Let b(x) = 8155*x - 4 - 16318*x + 8154*x. Calculate b(-7).
59
Let q(b) = b**2 + b + 7. Let l(p) = p + 9. Let i(u) = 2*u + 19. Let c(x) = 2*i(x) - 5*l(x). Let v be c(-7). What is q(v)?
7
Let u(v) = 13*v - 37. Let k be u(3). Let l(d) = -9*d**3 + 0*d**2 - 4*d**k + 21*d**3 - 11*d**3. Give l(4).
0
Let l(f) = -f**2 - 5*f + 6. Suppose 2 = -20*x + 42. Suppose x*i + 8 = j - 0*j, 4*j + 4 = 2*i. Calculate l(i).
0
Let n(w) = 66*w + 91. Suppose 0 = -23*v - 71 - 67. Let d(z) = 11*z + 14. Let q(g) = v*n(g) + 39*d(g). What is q(-1)?
-33
Let p(a) be the second derivative of a**4/4 - a**3/6 - 2*a**2 + 58*a - 55. Give p(4).
40
Suppose -37*h + 24 = -33*h. Suppose 0 = -v - 3*w - 9, 5*v - h*w - 27 = -3*w. Let u(o) = -9 + v + 101*o - o**2 - 97*o. What is u(4)?
-6
Let p(k) = -2*k**3 - 9*k**2 + 18*k + 67. Let j = -7595 - -7590. Determine p(j).
2
Let s(g) be the second derivative of 0 - 4/3*g**3 - 9*g + 3/4*g**4 - 1/20*g**5 + 4*g**2. Let a be (4*2/(-10))/((-1)/10). What is s(a)?
8
Let r(w) be the second derivative of -w**3 + 2*w**2 - w. Let d(u) = u**3 + u**2 - 8*u + 7. Let b be d(2). What is r(b)?
-14
Let o(p) be the second derivative of -p**6/720 - p**5/120 + 31*p**4/12 - 18*p. Let c(v) be the third derivative of o(v). Calculate c(2).
-3
Let b(x) be the first derivative of 2*x**2 + 35*x - 113. What is b(-10)?
-5
Let r(o) = -o**2 - 2. Let h = 721 + -351. Let y = -375 + h. Determine r(y).
-27
Suppose 0 = 95*h - 